{"id":3722,"date":"2024-03-12T07:34:16","date_gmt":"2024-03-12T06:34:16","guid":{"rendered":"https:\/\/elmondhatod.szineserzsebetvaros.hu\/?page_id=3722"},"modified":"2024-03-13T07:11:00","modified_gmt":"2024-03-13T06:11:00","slug":"bkk-valasza","status":"publish","type":"page","link":"https:\/\/elmondhatod.szineserzsebetvaros.hu\/en\/bkk-valasza\/","title":{"rendered":"A BKK v\u00e1lasza a &#8222;Ne blokkold a Trolit&#8221; ny\u00edlt lev\u00e9lre"},"content":{"rendered":"<div data-elementor-type=\"wp-page\" data-elementor-id=\"3722\" class=\"elementor elementor-3722\" data-elementor-post-type=\"page\">\n\t\t\t\t<div class=\"elementor-element elementor-element-5f0eafb e-flex e-con-boxed e-con e-parent\" data-id=\"5f0eafb\" data-element_type=\"container\" data-e-type=\"container\">\n\t\t\t\t\t<div class=\"e-con-inner\">\n\t\t\t\t<div class=\"elementor-element elementor-element-7b6da99 elementor-widget elementor-widget-text-editor\" data-id=\"7b6da99\" data-element_type=\"widget\" data-e-type=\"widget\" data-widget_type=\"text-editor.default\">\n\t\t\t\t<div class=\"elementor-widget-container\">\n\t\t\t\t\t\t\t\t\t<p>Tisztelt Civil Szervezetek!<\/p><p>A Doh\u00e1ny utca forgalmi rendj\u00e9vel kapcsolatos level\u00fcket k\u00f6sz\u00f6nettel megkaptuk. Ahogy azt \u00d6n\u00f6k is bizony\u00e1ra tudj\u00e1k, a Budapesti K\u00f6zleked\u00e9si K\u00f6zpont \u00e9s a Budapest K\u00f6z\u00fat sz\u00e1m\u00e1ra is ismert probl\u00e9m\u00e1ra h\u00edvt\u00e1k fel a figyelmet. Ahhoz, hogy a megfelel\u0151 megold\u00e1st meg tudjuk tal\u00e1lni, fontos pontos\u00edtani, hogy mi okozza a kialakult helyzetet.<\/p><p>Ahogy t\u00f6bb m\u00e1s helyen a belv\u00e1rosban, az eml\u00edtett szakaszon is kifejezetten az okoz probl\u00e9m\u00e1t, hogy az egyes j\u00e1rm\u0171vek szab\u00e1lytalanul, a jelz\u00e9seket fel\u00fclb\u00edr\u00e1lva, a parkol\u00e1si szab\u00e1lyokat megszegve \u00e1llnak meg, ez\u00e1ltal akad\u00e1lyozz\u00e1k a trolibusz halad\u00e1s\u00e1t. A probl\u00e9ma gyakoris\u00e1ga a v\u00e1rosban k\u00f6zleked\u0151 aut\u00f3k m\u00e9ret\u00e9nek n\u00f6veked\u00e9s\u00e9vel, valamint azok n\u00f6vekv\u0151 sz\u00e1m\u00e1val is \u00f6sszef\u00fcgg. A BKK m\u00e9g 2021 \u0151sz\u00e9n, \u00f6nkorm\u00e1nyzati egyeztet\u00e9s alapj\u00e1n a nagyobb m\u00e9ret\u0171 j\u00e1rm\u0171vek, \u00cdgy az aut\u00f3buszok \u00e9s trolibuszok halad\u00e1s\u00e1t el\u0151seg\u00edt\u0151, szab\u00e1lyos parkol\u00e1sra figyelmeztet\u0151 t\u00e1bl\u00e1kat helyezett ki a legink\u00e1bb \u00e9rintett belv\u00e1rosi utc\u00e1kban, \u00cdgy a Nefelejcs, a Doh\u00e1ny \u00e9s a Wessel\u00e9nyi utc\u00e1ban.<\/p><p>A BKK tov\u00e1bbra is arra k\u00e9ri az aut\u00f3val k\u00f6zleked\u0151ket, hogy csak a kijel\u00f6lt parkol\u00f3helyeket, \u00e9s azokat szab\u00e1lyosan haszn\u00e1lj\u00e1k, ezzel seg\u00edtve a k\u00f6z\u00f6ss\u00e9gi k\u00f6zleked\u00e9s j\u00e1rm\u0171veinek halad\u00e1s\u00e1t. Ha a szab\u00e1lytalanul parkol\u00f3 aut\u00f3k akad\u00e1lyozz\u00e1k a j\u00e1rm\u0171veket, az illet\u00e9kes hat\u00f3s\u00e1gok elsz\u00e1ll\u00edthatj\u00e1k azokat, a g\u00e9pkocsi tulajdonosa pedig p\u00e9nzb\u00edrs\u00e1gra sz\u00e1m\u00edthat.<\/p><p>A helyzet egyik lehets\u00e9ges megold\u00e1sa lehet, hogy az orsz\u00e1gos gyakorlathoz hasonl\u00f3an egyszer\u0171s\u00edtj\u00fck a szab\u00e1lytalanul parkol\u00f3 aut\u00f3k elsz\u00e1ll\u00edt\u00e1s\u00e1nak folyamat\u00e1t. Ehhez a budapesti utakon is sz\u00fcks\u00e9ges lenne meger\u0151s\u00edteni a helyi k\u00f6z\u00fatkezel\u0151 ezen jogos\u00edtv\u00e1nyait (ahogy ez az orsz\u00e1gos k\u00f6zutak eset\u00e9ben a k\u00f6z\u00fati k\u00f6zleked\u00e9si t\u00f6rv\u00e9ny m\u00f3dos\u00edt\u00e1s\u00e1val 2023 december\u00e9ben meg is t\u00f6rt\u00e9nt). Ehhez korm\u00e1nyzati egy\u00fcttm\u0171k\u00f6d\u00e9sre \u00e9s a vonatkoz\u00f3 jogszab\u00e1lyok m\u00f3dos\u00edt\u00e1s\u00e1ra van sz\u00fcks\u00e9g, az erre vonatkoz\u00f3 kezdem\u00e9nyez\u00e9seket teljes m\u00e9rt\u00e9kben t\u00e1mogatjuk.<\/p><p>A Doh\u00e1ny utca forgalmi rendj\u00e9t \u00e9s fejleszt\u00e9si ir\u00e1nyait a f\u0151v\u00e1rosi k\u00f6zgy\u0171l\u00e9s \u00e1ltal elfogadott k\u00f6z\u00fath\u00e1l\u00f3zati terv gy\u0171jt\u0151\u00fat-besorol\u00e1sa hat\u00e1rozza meg. Ez kijel\u00f6li azokat a k\u00f6zleked\u00e9si (gyalogl\u00e1s, ker\u00e9kp\u00e1roz\u00e1s, k\u00f6z\u00f6ss\u00e9gi k\u00f6zleked\u00e9s, egy\u00e9ni g\u00e9pj\u00e1rm\u00fak\u00f6zleked\u00e9s, -meg\u00e1ll\u00e1s, parkol\u00e1s) funkci\u00f3kat, amelyeket egy id\u0151ben el kell l\u00e1tnia ennek az \u00fatszakasznak. Ezt tov\u00e1bb er\u0151s\u00edtik a F\u0151v\u00e1rosi \u00d6nkorm\u00e1nyzat \u00e9s a BKK trolibuszh\u00e1l\u00f3zatfejleszt\u00e9si elk\u00e9pzel\u00e9sei, amelyek keret\u00e9ben zajlik a trolibuszh\u00e1l\u00f3zat fejleszt\u00e9se \u00e9s \u00faj j\u00e1rm\u0171vek is \u00e9rkezhetnek. A mindenki sz\u00e1m\u00e1ra kiel\u00e9g\u00edt\u0151 megold\u00e1s a fentiek figyelembev\u00e9tel\u00e9vel, illetve egy komplex, a parkol\u00e1si rend meghat\u00e1roz\u00e1s\u00e1n t\u00falmutat\u00f3 k\u00f6z\u00fati &#8211; k\u00f6zt\u00e9ri \u00e1talak\u00edt\u00e1s kivitelez\u00e9s\u00e9vel t\u00f6rt\u00e9nhet meg. Tekintettel a k\u00e9rd\u00e9s komplexit\u00e1s\u00e1ra, csak az \u00f6nkorm\u00e1nyzat \u00e9s az \u00e9rintettek bevon\u00e1sa mellett tartjuk elk\u00e9pzelhet\u0151nek d\u00f6nt\u00e9st hozni a Doh\u00e1ny utca forgalmi rendj\u00e9nek megv\u00e1ltoztat\u00e1s\u00e1r\u00f3l.<\/p><p>Hogy k\u00f6zelebb ker\u00fclj\u00fcnk a mindenki sz\u00e1m\u00e1ra elfogadhat\u00f3 megold\u00e1shoz, ism\u00e9t felvett\u00fck a kapcsolatot az \u00e9rintett VII. ker\u00fcleti \u00f6nkorm\u00e1nyzattal, mint a ter\u00fcleten \u00e9l\u0151k felel\u0151s k\u00e9pvisel\u0151j\u00e9vel, hogy ezen a szinten is folytat\u00f3djanak az egyeztet\u00e9sek.<\/p><p>Mivel a felvetett \u00fcgy a lev\u00e9l al\u00e1\u00edr\u00f3in\u00e1l nagyobb k\u00f6rt \u00e9rint, kezdem\u00e9nyezz\u00fck a Mobilit\u00e1si T\u00e9macsoport \u00fajb\u00f3li \u00f6sszeh\u00edv\u00e1s\u00e1t a lehets\u00e9ges megold\u00e1si javaslatok \u00e9rt\u00e9kel\u00e9s\u00e9re. A Budapesti K\u00f6zleked\u00e9si K\u00f6zpont a F\u0151v\u00e1rosi \u00d6nkorm\u00e1nyzat civil munkacsoporti rendszer\u00e9hez kapcsol\u00f3dva 2022-ben hozta l\u00e9tre a mobilit\u00e1ssal foglalkoz\u00f3 szervezetek egyeztet\u0151 f\u00f3rum\u00e1t, a Mobilit\u00e1si T\u00e9macsoportot, amelynek mind a Magyar K\u00f6zleked\u00e9si Klub, mind a Magyar Urbanisztikai T\u00e1rsas\u00e1g tagja. Az egyeztet\u00e9sre az al\u00e1\u00edr\u00f3 civil szervezetek k\u00e9pvisel\u0151inek hamarosan megh\u00edv\u00f3t k\u00fcld\u00fcnk.<\/p><p>Rem\u00e9lj\u00fck, hogy a helyzet megold\u00e1s\u00e1ban sz\u00e1m\u00edthatunk egy\u00fcttm\u0171k\u00f6d\u00e9s\u00fckre \u00e9s a szakmai p\u00e1rtpolitik\u00e1t\u00f3l mentes p\u00e1rbesz\u00e9dre, hogy minden \u00e9rintett sz\u00e1m\u00e1ra &#8211; legyen az erzs\u00e9betv\u00e1rosi polg\u00e1r, k\u00f6z\u00f6ss\u00e9gi k\u00f6zleked\u00e9ssel, gyalog, ker\u00e9kp\u00e1rral, vagy aut\u00f3val k\u00f6zleked\u0151 \u2014 megnyugtat\u00f3 megold\u00e1st tudjunk tal\u00e1lni.<\/p><p>Budapest, 2024. febru\u00e1r 29.<\/p><p>\u00dcdv\u00f6zlettel:<\/p><p class=\"MsoNormal\" style=\"text-align: justify; text-indent: -7.7pt; line-height: 110%; margin: 0cm 100.3pt 80.2pt 307.7pt;\"><span style=\"font-size: 12.0pt; line-height: 110%;\">dr. Walter Katalin vez\u00e9rigazgat\u00f3 BKK Zrt.<\/span><\/p>\t\t\t\t\t\t\t\t<\/div>\n\t\t\t\t<\/div>\n\t\t\t\t\t<\/div>\n\t\t\t\t<\/div>\n\t\t\t\t<\/div>","protected":false},"excerpt":{"rendered":"<p>Tisztelt Civil Szervezetek! A Doh\u00e1ny utca forgalmi rendj\u00e9vel kapcsolatos level\u00fcket k\u00f6sz\u00f6nettel megkaptuk. Ahogy azt \u00d6n\u00f6k is bizony\u00e1ra tudj\u00e1k, a Budapesti K\u00f6zleked\u00e9si K\u00f6zpont \u00e9s a Budapest K\u00f6z\u00fat sz\u00e1m\u00e1ra is ismert probl\u00e9m\u00e1ra h\u00edvt\u00e1k fel a figyelmet. Ahhoz, hogy a megfelel\u0151 megold\u00e1st meg tudjuk tal\u00e1lni, fontos pontos\u00edtani, hogy mi okozza a kialakult helyzetet. Ahogy t\u00f6bb m\u00e1s helyen a [&hellip;]<\/p>","protected":false},"author":3,"featured_media":0,"parent":0,"menu_order":0,"comment_status":"closed","ping_status":"closed","template":"","meta":{"_monsterinsights_skip_tracking":false,"_monsterinsights_sitenote_active":false,"_monsterinsights_sitenote_note":"","_monsterinsights_sitenote_category":0,"footnotes":""},"class_list":["post-3722","page","type-page","status-publish","hentry"],"_links":{"self":[{"href":"https:\/\/elmondhatod.szineserzsebetvaros.hu\/en\/wp-json\/wp\/v2\/pages\/3722","targetHints":{"allow":["GET"]}}],"collection":[{"href":"https:\/\/elmondhatod.szineserzsebetvaros.hu\/en\/wp-json\/wp\/v2\/pages"}],"about":[{"href":"https:\/\/elmondhatod.szineserzsebetvaros.hu\/en\/wp-json\/wp\/v2\/types\/page"}],"author":[{"embeddable":true,"href":"https:\/\/elmondhatod.szineserzsebetvaros.hu\/en\/wp-json\/wp\/v2\/users\/3"}],"replies":[{"embeddable":true,"href":"https:\/\/elmondhatod.szineserzsebetvaros.hu\/en\/wp-json\/wp\/v2\/comments?post=3722"}],"version-history":[{"count":16,"href":"https:\/\/elmondhatod.szineserzsebetvaros.hu\/en\/wp-json\/wp\/v2\/pages\/3722\/revisions"}],"predecessor-version":[{"id":3749,"href":"https:\/\/elmondhatod.szineserzsebetvaros.hu\/en\/wp-json\/wp\/v2\/pages\/3722\/revisions\/3749"}],"wp:attachment":[{"href":"https:\/\/elmondhatod.szineserzsebetvaros.hu\/en\/wp-json\/wp\/v2\/media?parent=3722"}],"curies":[{"name":"wp","href":"https:\/\/api.w.org\/{rel}","templated":true}]}}

A BKK válasza a &#8222;Ne blokkold a Trolit&#8221; nyílt levélre

<div data-elementor-type="wp-page" data-elementor-id="3722" class="elementor elementor-3722" data-elementor-post-type="page">
				<div class="elementor-element elementor-element-5f0eafb e-flex e-con-boxed e-con e-parent" data-id="5f0eafb" data-element_type="container" data-e-type="container">
					<div class="e-con-inner">
				<div class="elementor-element elementor-element-7b6da99 elementor-widget elementor-widget-text-editor" data-id="7b6da99" data-element_type="widget" data-e-type="widget" data-widget_type="text-editor.default">
				<div class="elementor-widget-container">
									<p>Tisztelt Civil Szervezetek!</p><p>A Dohány utca forgalmi rendjével kapcsolatos levelüket köszönettel megkaptuk. Ahogy azt Önök is bizonyára tudják, a Budapesti Közlekedési Központ és a Budapest Közút számára is ismert problémára hívták fel a figyelmet. Ahhoz, hogy a megfelelő megoldást meg tudjuk találni, fontos pontosítani, hogy mi okozza a kialakult helyzetet.</p><p>Ahogy több más helyen a belvárosban, az említett szakaszon is kifejezetten az okoz problémát, hogy az egyes járművek szabálytalanul, a jelzéseket felülbírálva, a parkolási szabályokat megszegve állnak meg, ezáltal akadályozzák a trolibusz haladását. A probléma gyakorisága a városban közlekedő autók méretének növekedésével, valamint azok növekvő számával is összefügg. A BKK még 2021 őszén, önkormányzati egyeztetés alapján a nagyobb méretű járművek, Így az autóbuszok és trolibuszok haladását elősegítő, szabályos parkolásra figyelmeztető táblákat helyezett ki a leginkább érintett belvárosi utcákban, Így a Nefelejcs, a Dohány és a Wesselényi utcában.</p><p>A BKK továbbra is arra kéri az autóval közlekedőket, hogy csak a kijelölt parkolóhelyeket, és azokat szabályosan használják, ezzel segítve a közösségi közlekedés járműveinek haladását. Ha a szabálytalanul parkoló autók akadályozzák a járműveket, az illetékes hatóságok elszállíthatják azokat, a gépkocsi tulajdonosa pedig pénzbírságra számíthat.</p><p>A helyzet egyik lehetséges megoldása lehet, hogy az országos gyakorlathoz hasonlóan egyszerűsítjük a szabálytalanul parkoló autók elszállításának folyamatát. Ehhez a budapesti utakon is szükséges lenne megerősíteni a helyi közútkezelő ezen jogosítványait (ahogy ez az országos közutak esetében a közúti közlekedési törvény módosításával 2023 decemberében meg is történt). Ehhez kormányzati együttműködésre és a vonatkozó jogszabályok módosítására van szükség, az erre vonatkozó kezdeményezéseket teljes mértékben támogatjuk.</p><p>A Dohány utca forgalmi rendjét és fejlesztési irányait a fővárosi közgyűlés által elfogadott közúthálózati terv gyűjtőút-besorolása határozza meg. Ez kijelöli azokat a közlekedési (gyaloglás, kerékpározás, közösségi közlekedés, egyéni gépjármúközlekedés, -megállás, parkolás) funkciókat, amelyeket egy időben el kell látnia ennek az útszakasznak. Ezt tovább erősítik a Fővárosi Önkormányzat és a BKK trolibuszhálózatfejlesztési elképzelései, amelyek keretében zajlik a trolibuszhálózat fejlesztése és új járművek is érkezhetnek. A mindenki számára kielégítő megoldás a fentiek figyelembevételével, illetve egy komplex, a parkolási rend meghatározásán túlmutató közúti &#8211; köztéri átalakítás kivitelezésével történhet meg. Tekintettel a kérdés komplexitására, csak az önkormányzat és az érintettek bevonása mellett tartjuk elképzelhetőnek döntést hozni a Dohány utca forgalmi rendjének megváltoztatásáról.</p><p>Hogy közelebb kerüljünk a mindenki számára elfogadható megoldáshoz, ismét felvettük a kapcsolatot az érintett VII. kerületi önkormányzattal, mint a területen élők felelős képviselőjével, hogy ezen a szinten is folytatódjanak az egyeztetések.</p><p>Mivel a felvetett ügy a levél aláíróinál nagyobb kört érint, kezdeményezzük a Mobilitási Témacsoport újbóli összehívását a lehetséges megoldási javaslatok értékelésére. A Budapesti Közlekedési Központ a Fővárosi Önkormányzat civil munkacsoporti rendszeréhez kapcsolódva 2022-ben hozta létre a mobilitással foglalkozó szervezetek egyeztető fórumát, a Mobilitási Témacsoportot, amelynek mind a Magyar Közlekedési Klub, mind a Magyar Urbanisztikai Társaság tagja. Az egyeztetésre az aláíró civil szervezetek képviselőinek hamarosan meghívót küldünk.</p><p>Reméljük, hogy a helyzet megoldásában számíthatunk együttműködésükre és a szakmai pártpolitikától mentes párbeszédre, hogy minden érintett számára &#8211; legyen az erzsébetvárosi polgár, közösségi közlekedéssel, gyalog, kerékpárral, vagy autóval közlekedő — megnyugtató megoldást tudjunk találni.</p><p>Budapest, 2024. február 29.</p><p>Üdvözlettel:</p><p class="MsoNormal" style="text-align: justify; text-indent: -7.7pt; line-height: 110%; margin: 0cm 100.3pt 80.2pt 307.7pt;"><span style="font-size: 12.0pt; line-height: 110%;">dr. Walter Katalin vezérigazgató BKK Zrt.</span></p>								</div>
				</div>
					</div>
				</div>
				</div>

<p>Tisztelt Civil Szervezetek! A Dohány utca forgalmi rendjével kapcsolatos levelüket köszönettel megkaptuk. Ahogy azt Önök is bizonyára tudják, a Budapesti Közlekedési Központ és a Budapest Közút számára is ismert problémára hívták fel a figyelmet. Ahhoz, hogy a megfelelő megoldást meg tudjuk találni, fontos pontosítani, hogy mi okozza a kialakult helyzetet. Ahogy több más helyen a [&hellip;]</p>
