{"id":3733,"date":"2024-03-12T07:45:58","date_gmt":"2024-03-12T06:45:58","guid":{"rendered":"https:\/\/elmondhatod.szineserzsebetvaros.hu\/?page_id=3733"},"modified":"2024-03-12T09:59:39","modified_gmt":"2024-03-12T08:59:39","slug":"vii-kerulet-valasza","status":"publish","type":"page","link":"https:\/\/elmondhatod.szineserzsebetvaros.hu\/en\/vii-kerulet-valasza\/","title":{"rendered":"A VII. ker\u00fclet v\u00e1lasza"},"content":{"rendered":"<div data-elementor-type=\"wp-page\" data-elementor-id=\"3733\" class=\"elementor elementor-3733\" data-elementor-post-type=\"page\">\n\t\t\t\t<div class=\"elementor-element elementor-element-730a5d8 e-flex e-con-boxed e-con e-parent\" data-id=\"730a5d8\" data-element_type=\"container\" data-e-type=\"container\">\n\t\t\t\t\t<div class=\"e-con-inner\">\n\t\t\t\t<div class=\"elementor-element elementor-element-270f9db elementor-widget elementor-widget-text-editor\" data-id=\"270f9db\" data-element_type=\"widget\" data-e-type=\"widget\" data-widget_type=\"text-editor.default\">\n\t\t\t\t<div class=\"elementor-widget-container\">\n\t\t\t\t\t\t\t\t\t<p style=\"font-weight: 400;\">Tisztelt Sz\u00ednes\u00a0Erzs\u00e9betv\u00e1ros!<\/p><p>\u00a0<\/p><p style=\"font-weight: 400;\">Polg\u00e1rmester \u00far k\u00f6sz\u00f6ni megh\u00edv\u00e1sukat a mai k\u00f6z\u00f6s trolibuszoz\u00e1sra, amelyen hivatali elfoglalts\u00e1ga miatt nem tudott r\u00e9szt venni.<\/p><p style=\"font-weight: 400;\">Mivel level\u00fck is azt mutatja, hogy \u00d6n\u00f6k \u2013 az \u00f6nkorm\u00e1nyzathoz hasonl\u00f3an \u2013 fontos \u00e9s megoldand\u00f3 probl\u00e9m\u00e1nak tartj\u00e1k a k\u00f6z\u00f6ss\u00e9gi k\u00f6zleked\u00e9s akad\u00e1lytalan lebonyol\u00edt\u00e1s\u00e1t, szeretn\u00e9nk felh\u00edvni a figyelm\u00fcket n\u00e9h\u00e1ny t\u00e9nyre.<\/p><p style=\"font-weight: 400;\">Erzs\u00e9betv\u00e1ros\u00a0\u00d6nkorm\u00e1nyzata, polg\u00e1rmester \u00far, a k\u00e9pvisel\u0151k is rengeteg inform\u00e1ci\u00f3val rendelkeznek a kritikus Doh\u00e1ny utcai szakaszokr\u00f3l, hiszen \u00e9vek \u00f3ta k\u00eds\u00e9rj\u00fck figyelemmel az ott t\u00f6rt\u00e9nteket.<\/p><p style=\"font-weight: 400;\">A forgalom \u00e9vtizedek \u00f3ta tart\u00f3 n\u00f6veked\u00e9s\u00e9vel kapcsolatos negat\u00edv hat\u00e1sok m\u00e9rs\u00e9kl\u00e9s\u00e9re az \u00f6nkorm\u00e1nyzat a 2021-ben megkezdte a ker\u00fclet bels\u0151 r\u00e9sz\u00e9nek forgalomcsillap\u00edt\u00e1s\u00e1t, melynek k\u00f6sz\u00f6nhet\u0151en legal\u00e1bb 30 sz\u00e1zal\u00e9kkal kevesebb lett az \u00e1thalad\u00f3 \u00e9s a nem kiz\u00e1r\u00f3lagos lakoss\u00e1gi enged\u00e9llyel parkol\u00f3 aut\u00f3k sz\u00e1ma.<\/p><p style=\"font-weight: 400;\">THE<em>\u00a0trolibuszok elakad\u00e1s\u00e1t ugyanakkor nem a hib\u00e1s parkol\u00e1si rend okozza, hanem a szab\u00e1lyokat be nem tart\u00f3 aut\u00f3sok, akik a rendelkez\u00e9s\u00fckre \u00e1ll\u00f3 ter\u00fcleten \u201et\u00fal l\u00f3gva\u201d akad\u00e1lyozz\u00e1k a k\u00f6zleked\u00e9st.<\/em><\/p><p style=\"font-weight: 400;\">Az eml\u00edtett \u00fatszakaszon a Budapesti K\u00f6zleked\u00e9si K\u00f6zpont, az \u00fat kezel\u0151je t\u00e1bl\u00e1k kihelyez\u00e9s\u00e9vel h\u00edvja fel a figyelmet a szab\u00e1lyos parkol\u00e1sra. A szab\u00e1lytalanul v\u00e1rakoz\u00f3 j\u00e1rm\u0171veket megb\u00edrs\u00e1golj\u00e1k \u00e9s elsz\u00e1ll\u00edtj\u00e1k, \u00e1m sajnos a jelenlegi t\u00f6rv\u00e9nyek nem engedik meg az \u00fatkezel\u0151nek, hogy gyors\u00edtott elj\u00e1r\u00e1sban int\u00e9zkedjen. Ebben az \u00fcgyben a F\u0151v\u00e1rossal egy\u00fcttm\u0171k\u00f6dve kezdem\u00e9nyezt\u00fck a korm\u00e1nyzat egy\u00fcttm\u0171k\u00f6d\u00e9s\u00e9t. Eddig sikertelen\u00fcl, de nem adjuk fel.<\/p><p style=\"font-weight: 400;\">\u00a0<\/p><p style=\"font-weight: 400;\">Az \u00fcgy fontoss\u00e1ga miatt t\u00e1mogatjuk a BKK-t a Mobilit\u00e1si T\u00e9macsoport \u00fajb\u00f3li \u00f6sszeh\u00edv\u00e1s\u00e1ban. \u00d6r\u00f6mmel vessz\u00fck, ha a civil szervezetek k\u00f6z\u00f6tt a Sz\u00ednes\u00a0Erzs\u00e9betv\u00e1ros\u00a0is r\u00e9szt vesz ezen a f\u00f3rumon, \u00e9s kifejti \u00e1ll\u00e1spontj\u00e1t \u00e9s megold\u00e1si javaslatait.<\/p><p style=\"font-weight: 400;\">\u00a0<\/p><p style=\"font-weight: 400;\">\u00dcdv\u00f6zlettel,<\/p><p style=\"font-weight: 400;\"><strong>Nagy N\u00f3ra<\/strong><\/p><p style=\"font-weight: 400;\">kabinetvezet\u0151<\/p><p style=\"font-weight: 400;\">Polg\u00e1rmesteri Kabinet<\/p>\t\t\t\t\t\t\t\t<\/div>\n\t\t\t\t<\/div>\n\t\t\t\t\t<\/div>\n\t\t\t\t<\/div>\n\t\t\t\t<\/div>","protected":false},"excerpt":{"rendered":"<p>Tisztelt Sz\u00ednes\u00a0Erzs\u00e9betv\u00e1ros! \u00a0 Polg\u00e1rmester \u00far k\u00f6sz\u00f6ni megh\u00edv\u00e1sukat a mai k\u00f6z\u00f6s trolibuszoz\u00e1sra, amelyen hivatali elfoglalts\u00e1ga miatt nem tudott r\u00e9szt venni. Mivel level\u00fck is azt mutatja, hogy \u00d6n\u00f6k \u2013 az \u00f6nkorm\u00e1nyzathoz hasonl\u00f3an \u2013 fontos \u00e9s megoldand\u00f3 probl\u00e9m\u00e1nak tartj\u00e1k a k\u00f6z\u00f6ss\u00e9gi k\u00f6zleked\u00e9s akad\u00e1lytalan lebonyol\u00edt\u00e1s\u00e1t, szeretn\u00e9nk felh\u00edvni a figyelm\u00fcket n\u00e9h\u00e1ny t\u00e9nyre. Erzs\u00e9betv\u00e1ros\u00a0\u00d6nkorm\u00e1nyzata, polg\u00e1rmester \u00far, a k\u00e9pvisel\u0151k is rengeteg inform\u00e1ci\u00f3val [&hellip;]<\/p>","protected":false},"author":3,"featured_media":0,"parent":0,"menu_order":0,"comment_status":"closed","ping_status":"closed","template":"","meta":{"_monsterinsights_skip_tracking":false,"_monsterinsights_sitenote_active":false,"_monsterinsights_sitenote_note":"","_monsterinsights_sitenote_category":0,"footnotes":""},"class_list":["post-3733","page","type-page","status-publish","hentry"],"_links":{"self":[{"href":"https:\/\/elmondhatod.szineserzsebetvaros.hu\/en\/wp-json\/wp\/v2\/pages\/3733","targetHints":{"allow":["GET"]}}],"collection":[{"href":"https:\/\/elmondhatod.szineserzsebetvaros.hu\/en\/wp-json\/wp\/v2\/pages"}],"about":[{"href":"https:\/\/elmondhatod.szineserzsebetvaros.hu\/en\/wp-json\/wp\/v2\/types\/page"}],"author":[{"embeddable":true,"href":"https:\/\/elmondhatod.szineserzsebetvaros.hu\/en\/wp-json\/wp\/v2\/users\/3"}],"replies":[{"embeddable":true,"href":"https:\/\/elmondhatod.szineserzsebetvaros.hu\/en\/wp-json\/wp\/v2\/comments?post=3733"}],"version-history":[{"count":6,"href":"https:\/\/elmondhatod.szineserzsebetvaros.hu\/en\/wp-json\/wp\/v2\/pages\/3733\/revisions"}],"predecessor-version":[{"id":3742,"href":"https:\/\/elmondhatod.szineserzsebetvaros.hu\/en\/wp-json\/wp\/v2\/pages\/3733\/revisions\/3742"}],"wp:attachment":[{"href":"https:\/\/elmondhatod.szineserzsebetvaros.hu\/en\/wp-json\/wp\/v2\/media?parent=3733"}],"curies":[{"name":"wp","href":"https:\/\/api.w.org\/{rel}","templated":true}]}}

A VII. kerület válasza

<div data-elementor-type="wp-page" data-elementor-id="3733" class="elementor elementor-3733" data-elementor-post-type="page">
				<div class="elementor-element elementor-element-730a5d8 e-flex e-con-boxed e-con e-parent" data-id="730a5d8" data-element_type="container" data-e-type="container">
					<div class="e-con-inner">
				<div class="elementor-element elementor-element-270f9db elementor-widget elementor-widget-text-editor" data-id="270f9db" data-element_type="widget" data-e-type="widget" data-widget_type="text-editor.default">
				<div class="elementor-widget-container">
									<p style="font-weight: 400;">Tisztelt Színes Erzsébetváros!</p><p> </p><p style="font-weight: 400;">Polgármester úr köszöni meghívásukat a mai közös trolibuszozásra, amelyen hivatali elfoglaltsága miatt nem tudott részt venni.</p><p style="font-weight: 400;">Mivel levelük is azt mutatja, hogy Önök – az önkormányzathoz hasonlóan – fontos és megoldandó problémának tartják a közösségi közlekedés akadálytalan lebonyolítását, szeretnénk felhívni a figyelmüket néhány tényre.</p><p style="font-weight: 400;">Erzsébetváros Önkormányzata, polgármester úr, a képviselők is rengeteg információval rendelkeznek a kritikus Dohány utcai szakaszokról, hiszen évek óta kísérjük figyelemmel az ott történteket.</p><p style="font-weight: 400;">A forgalom évtizedek óta tartó növekedésével kapcsolatos negatív hatások mérséklésére az önkormányzat a 2021-ben megkezdte a kerület belső részének forgalomcsillapítását, melynek köszönhetően legalább 30 százalékkal kevesebb lett az áthaladó és a nem kizárólagos lakossági engedéllyel parkoló autók száma.</p><p style="font-weight: 400;">THE<em> trolibuszok elakadását ugyanakkor nem a hibás parkolási rend okozza, hanem a szabályokat be nem tartó autósok, akik a rendelkezésükre álló területen „túl lógva” akadályozzák a közlekedést.</em></p><p style="font-weight: 400;">Az említett útszakaszon a Budapesti Közlekedési Központ, az út kezelője táblák kihelyezésével hívja fel a figyelmet a szabályos parkolásra. A szabálytalanul várakozó járműveket megbírságolják és elszállítják, ám sajnos a jelenlegi törvények nem engedik meg az útkezelőnek, hogy gyorsított eljárásban intézkedjen. Ebben az ügyben a Fővárossal együttműködve kezdeményeztük a kormányzat együttműködését. Eddig sikertelenül, de nem adjuk fel.</p><p style="font-weight: 400;"> </p><p style="font-weight: 400;">Az ügy fontossága miatt támogatjuk a BKK-t a Mobilitási Témacsoport újbóli összehívásában. Örömmel vesszük, ha a civil szervezetek között a Színes Erzsébetváros is részt vesz ezen a fórumon, és kifejti álláspontját és megoldási javaslatait.</p><p style="font-weight: 400;"> </p><p style="font-weight: 400;">Üdvözlettel,</p><p style="font-weight: 400;"><strong>Nagy Nóra</strong></p><p style="font-weight: 400;">kabinetvezető</p><p style="font-weight: 400;">Polgármesteri Kabinet</p>								</div>
				</div>
					</div>
				</div>
				</div>

<p>Tisztelt Színes Erzsébetváros!   Polgármester úr köszöni meghívásukat a mai közös trolibuszozásra, amelyen hivatali elfoglaltsága miatt nem tudott részt venni. Mivel levelük is azt mutatja, hogy Önök – az önkormányzathoz hasonlóan – fontos és megoldandó problémának tartják a közösségi közlekedés akadálytalan lebonyolítását, szeretnénk felhívni a figyelmüket néhány tényre. Erzsébetváros Önkormányzata, polgármester úr, a képviselők is rengeteg információval [&hellip;]</p>
